{"id":1345,"date":"2017-10-03T06:37:58","date_gmt":"2017-10-03T06:37:58","guid":{"rendered":"\/?page_id=1345"},"modified":"2017-12-05T02:06:31","modified_gmt":"2017-12-05T02:06:31","slug":"klavierbaenke","status":"publish","type":"page","link":"https:\/\/feurich.com\/de\/produkte\/zubehoer\/klavierbaenke\/","title":{"rendered":"Klavierb\u00e4nke"},"content":{"rendered":"<div class=\"wpb-content-wrapper\"><p>[vc_row bg_type=&#8220;image&#8220; parallax_style=&#8220;vcpb-default&#8220; bg_image_new=&#8220;id^521|url^\/wp-content\/uploads\/2017\/08\/home-fon-bl3.jpg|caption^null|alt^null|title^home-fon-bl3|description^null&#8220; bg_image_repeat=&#8220;no-repeat&#8220; bg_override=&#8220;full&#8220;][vc_column 0=&#8220;&#8220;][vc_empty_space height=&#8220;5px&#8220;][vc_row_inner 0=&#8220;&#8220;][vc_column_inner width=&#8220;1\/6&#8243;][\/vc_column_inner][vc_column_inner width=&#8220;4\/6&#8243;][vc_column_text el_class=&#8220;big-title&#8220; css=&#8220;.vc_custom_1507013499500{margin-bottom: 15px !important;}&#8220;]<\/p>\n<p style=\"text-align: center; color: white;\">Klavierb\u00e4nke<\/p>\n<p>[\/vc_column_text][vc_column_text 0=&#8220;&#8220;][\/vc_column_text][\/vc_column_inner][vc_column_inner width=&#8220;1\/6&#8243;][\/vc_column_inner][\/vc_row_inner][vc_empty_space 0=&#8220;&#8220;][\/vc_column][\/vc_row][vc_row 0=&#8220;&#8220;][vc_column width=&#8220;1\/3&#8243;][vc_column_text el_class=&#8220;products-title&#8220;]Von PianistInnen entwickelt[\/vc_column_text][vc_column_text 0=&#8220;&#8220;]Wer w\u00fcsste mehr \u00fcber die Bed\u00fcrfnisse von PianistInnen als eben diese? Deshalb haben wir unsere Klavierb\u00e4nke mit KlavierspielerInnen exakt nach ihren Bed\u00fcrfnissen entwickelt:<\/p>\n<ul>\n<li>h\u00f6henverstellbar f\u00fcr die richtige<br \/>\nergonomische Haltung<\/li>\n<li>extra bequem und robust<\/li>\n<\/ul>\n<p>[\/vc_column_text][\/vc_column][vc_column width=&#8220;1\/3&#8243;][vc_gallery interval=&#8220;5&#8243; images=&#8220;4348,4342,4336,4330,4324,4318,4312,4306,4300,4294,4288,4282,4276,4270,4264&#8243;][\/vc_column][vc_column width=&#8220;1\/3&#8243;][vc_column_text el_class=&#8220;products-title&#8220;]F\u00fcr Profis &amp; Individualisten[\/vc_column_text][vc_column_text 0=&#8220;&#8220;]PianistInnen haben auch optisch ganz individuelle Anspr\u00fcche. Darum k\u00f6nnen Sie aus mehreren Designvariationen und Farben w\u00e4hlen \u2013 f\u00fcr Ihre ganz pers\u00f6nliche FEURICH Klavierbank.<\/p>\n<p>Farben: Schwarz (poliert\/satiniert), Wei\u00df (poliert), Bordeaux (poliert\/satiniert), Walnuss (poliert\/satiniert), Kirsche (satiniert), Buche (satiniert)<\/p>\n<p>Sie m\u00f6chten mehr \u00fcber unsere Klavierb\u00e4nke wissen? Wir informieren Sie gerne! <a href=\"https:\/\/feurich.com\/de\/information-kontakt\/kontakt\/\">&gt;&gt; Kontakt<\/a>[\/vc_column_text][\/vc_column][\/vc_row]<\/p>\n<\/div>","protected":false},"excerpt":{"rendered":"<p>Mit PianistInnen entwickelt, damit das Spielen Freude macht.<\/p>\n","protected":false},"author":7,"featured_media":4641,"parent":1321,"menu_order":1,"comment_status":"closed","ping_status":"closed","template":"template-fullwidth.php","meta":{"inline_featured_image":false,"footnotes":""},"class_list":["post-1345","page","type-page","status-publish","has-post-thumbnail","hentry"],"acf":[],"yoast_head":"<!-- This site is optimized with the Yoast SEO plugin v24.4 - https:\/\/yoast.com\/wordpress\/plugins\/seo\/ -->\n<title>Klavierb\u00e4nke - FEURICH<\/title>\n<meta name=\"description\" content=\"Wir haben unsere Klavierb\u00e4nke mit KlavierspielerInnen exakt nach ihren Bed\u00fcrfnissen entwickelt: h\u00f6henverstellbar, sehr robust, in vielen Farben und Designs.\" \/>\n<meta name=\"robots\" content=\"index, follow, max-snippet:-1, max-image-preview:large, max-video-preview:-1\" \/>\n<link rel=\"canonical\" href=\"https:\/\/feurich.com\/de\/produkte\/zubehoer\/klavierbaenke\/\" \/>\n<meta property=\"og:locale\" content=\"de_DE\" \/>\n<meta property=\"og:type\" content=\"article\" \/>\n<meta property=\"og:title\" content=\"Klavierb\u00e4nke - FEURICH\" \/>\n<meta property=\"og:description\" content=\"Wir haben unsere Klavierb\u00e4nke mit KlavierspielerInnen exakt nach ihren Bed\u00fcrfnissen entwickelt: h\u00f6henverstellbar, sehr robust, in vielen Farben und Designs.\" \/>\n<meta property=\"og:url\" content=\"https:\/\/feurich.com\/de\/produkte\/zubehoer\/klavierbaenke\/\" \/>\n<meta property=\"og:site_name\" content=\"FEURICH\" \/>\n<meta property=\"article:publisher\" content=\"https:\/\/www.facebook.com\/feurichvienna\/\" \/>\n<meta property=\"article:modified_time\" content=\"2017-12-05T02:06:31+00:00\" \/>\n<meta property=\"og:image\" content=\"https:\/\/feurich.com\/wp-content\/uploads\/FEURICH-Concert-Bench.jpg\" \/>\n\t<meta property=\"og:image:width\" content=\"350\" \/>\n\t<meta property=\"og:image:height\" content=\"240\" \/>\n\t<meta property=\"og:image:type\" content=\"image\/jpeg\" \/>\n<meta name=\"twitter:card\" content=\"summary_large_image\" \/>\n<meta name=\"twitter:label1\" content=\"Gesch\u00e4tzte Lesezeit\" \/>\n\t<meta name=\"twitter:data1\" content=\"1\u00a0Minute\" \/>\n<script type=\"application\/ld+json\" class=\"yoast-schema-graph\">{\"@context\":\"https:\/\/schema.org\",\"@graph\":[{\"@type\":\"WebPage\",\"@id\":\"https:\/\/feurich.com\/de\/produkte\/zubehoer\/klavierbaenke\/\",\"url\":\"https:\/\/feurich.com\/de\/produkte\/zubehoer\/klavierbaenke\/\",\"name\":\"Klavierb\u00e4nke - FEURICH\",\"isPartOf\":{\"@id\":\"https:\/\/feurich.com\/en\/#website\"},\"primaryImageOfPage\":{\"@id\":\"https:\/\/feurich.com\/de\/produkte\/zubehoer\/klavierbaenke\/#primaryimage\"},\"image\":{\"@id\":\"https:\/\/feurich.com\/de\/produkte\/zubehoer\/klavierbaenke\/#primaryimage\"},\"thumbnailUrl\":\"https:\/\/feurich.com\/wp-content\/uploads\/FEURICH-Concert-Bench.jpg\",\"datePublished\":\"2017-10-03T06:37:58+00:00\",\"dateModified\":\"2017-12-05T02:06:31+00:00\",\"description\":\"Wir haben unsere Klavierb\u00e4nke mit KlavierspielerInnen exakt nach ihren Bed\u00fcrfnissen entwickelt: h\u00f6henverstellbar, sehr robust, in vielen Farben und Designs.\",\"breadcrumb\":{\"@id\":\"https:\/\/feurich.com\/de\/produkte\/zubehoer\/klavierbaenke\/#breadcrumb\"},\"inLanguage\":\"de\",\"potentialAction\":[{\"@type\":\"ReadAction\",\"target\":[\"https:\/\/feurich.com\/de\/produkte\/zubehoer\/klavierbaenke\/\"]}]},{\"@type\":\"ImageObject\",\"inLanguage\":\"de\",\"@id\":\"https:\/\/feurich.com\/de\/produkte\/zubehoer\/klavierbaenke\/#primaryimage\",\"url\":\"https:\/\/feurich.com\/wp-content\/uploads\/FEURICH-Concert-Bench.jpg\",\"contentUrl\":\"https:\/\/feurich.com\/wp-content\/uploads\/FEURICH-Concert-Bench.jpg\",\"width\":350,\"height\":240,\"caption\":\"FEURICH Concert Bench\"},{\"@type\":\"BreadcrumbList\",\"@id\":\"https:\/\/feurich.com\/de\/produkte\/zubehoer\/klavierbaenke\/#breadcrumb\",\"itemListElement\":[{\"@type\":\"ListItem\",\"position\":1,\"name\":\"Home\",\"item\":\"https:\/\/feurich.com\/de\/\"},{\"@type\":\"ListItem\",\"position\":2,\"name\":\"KLAVIERE &#038; MEHR\",\"item\":\"https:\/\/feurich.com\/de\/produkte\/\"},{\"@type\":\"ListItem\",\"position\":3,\"name\":\"Zubeh\u00f6r\",\"item\":\"https:\/\/feurich.com\/de\/produkte\/zubehoer\/\"},{\"@type\":\"ListItem\",\"position\":4,\"name\":\"Klavierb\u00e4nke\"}]},{\"@type\":\"WebSite\",\"@id\":\"https:\/\/feurich.com\/en\/#website\",\"url\":\"https:\/\/feurich.com\/en\/\",\"name\":\"FEURICH\",\"description\":\"A sound that connects\",\"publisher\":{\"@id\":\"https:\/\/feurich.com\/en\/#organization\"},\"potentialAction\":[{\"@type\":\"SearchAction\",\"target\":{\"@type\":\"EntryPoint\",\"urlTemplate\":\"https:\/\/feurich.com\/en\/?s={search_term_string}\"},\"query-input\":{\"@type\":\"PropertyValueSpecification\",\"valueRequired\":true,\"valueName\":\"search_term_string\"}}],\"inLanguage\":\"de\"},{\"@type\":\"Organization\",\"@id\":\"https:\/\/feurich.com\/en\/#organization\",\"name\":\"FEURICH\",\"url\":\"https:\/\/feurich.com\/en\/\",\"logo\":{\"@type\":\"ImageObject\",\"inLanguage\":\"de\",\"@id\":\"https:\/\/feurich.com\/en\/#\/schema\/logo\/image\/\",\"url\":\"https:\/\/feurich.com\/wp-content\/uploads\/logo.png\",\"contentUrl\":\"https:\/\/feurich.com\/wp-content\/uploads\/logo.png\",\"width\":354,\"height\":151,\"caption\":\"FEURICH\"},\"image\":{\"@id\":\"https:\/\/feurich.com\/en\/#\/schema\/logo\/image\/\"},\"sameAs\":[\"https:\/\/www.facebook.com\/feurichvienna\/\"]}]}<\/script>\n<!-- \/ Yoast SEO plugin. -->","yoast_head_json":{"title":"Klavierb\u00e4nke - FEURICH","description":"Wir haben unsere Klavierb\u00e4nke mit KlavierspielerInnen exakt nach ihren Bed\u00fcrfnissen entwickelt: h\u00f6henverstellbar, sehr robust, in vielen Farben und Designs.","robots":{"index":"index","follow":"follow","max-snippet":"max-snippet:-1","max-image-preview":"max-image-preview:large","max-video-preview":"max-video-preview:-1"},"canonical":"https:\/\/feurich.com\/de\/produkte\/zubehoer\/klavierbaenke\/","og_locale":"de_DE","og_type":"article","og_title":"Klavierb\u00e4nke - FEURICH","og_description":"Wir haben unsere Klavierb\u00e4nke mit KlavierspielerInnen exakt nach ihren Bed\u00fcrfnissen entwickelt: h\u00f6henverstellbar, sehr robust, in vielen Farben und Designs.","og_url":"https:\/\/feurich.com\/de\/produkte\/zubehoer\/klavierbaenke\/","og_site_name":"FEURICH","article_publisher":"https:\/\/www.facebook.com\/feurichvienna\/","article_modified_time":"2017-12-05T02:06:31+00:00","og_image":[{"width":350,"height":240,"url":"https:\/\/feurich.com\/wp-content\/uploads\/FEURICH-Concert-Bench.jpg","type":"image\/jpeg"}],"twitter_card":"summary_large_image","twitter_misc":{"Gesch\u00e4tzte Lesezeit":"1\u00a0Minute"},"schema":{"@context":"https:\/\/schema.org","@graph":[{"@type":"WebPage","@id":"https:\/\/feurich.com\/de\/produkte\/zubehoer\/klavierbaenke\/","url":"https:\/\/feurich.com\/de\/produkte\/zubehoer\/klavierbaenke\/","name":"Klavierb\u00e4nke - FEURICH","isPartOf":{"@id":"https:\/\/feurich.com\/en\/#website"},"primaryImageOfPage":{"@id":"https:\/\/feurich.com\/de\/produkte\/zubehoer\/klavierbaenke\/#primaryimage"},"image":{"@id":"https:\/\/feurich.com\/de\/produkte\/zubehoer\/klavierbaenke\/#primaryimage"},"thumbnailUrl":"https:\/\/feurich.com\/wp-content\/uploads\/FEURICH-Concert-Bench.jpg","datePublished":"2017-10-03T06:37:58+00:00","dateModified":"2017-12-05T02:06:31+00:00","description":"Wir haben unsere Klavierb\u00e4nke mit KlavierspielerInnen exakt nach ihren Bed\u00fcrfnissen entwickelt: h\u00f6henverstellbar, sehr robust, in vielen Farben und Designs.","breadcrumb":{"@id":"https:\/\/feurich.com\/de\/produkte\/zubehoer\/klavierbaenke\/#breadcrumb"},"inLanguage":"de","potentialAction":[{"@type":"ReadAction","target":["https:\/\/feurich.com\/de\/produkte\/zubehoer\/klavierbaenke\/"]}]},{"@type":"ImageObject","inLanguage":"de","@id":"https:\/\/feurich.com\/de\/produkte\/zubehoer\/klavierbaenke\/#primaryimage","url":"https:\/\/feurich.com\/wp-content\/uploads\/FEURICH-Concert-Bench.jpg","contentUrl":"https:\/\/feurich.com\/wp-content\/uploads\/FEURICH-Concert-Bench.jpg","width":350,"height":240,"caption":"FEURICH Concert Bench"},{"@type":"BreadcrumbList","@id":"https:\/\/feurich.com\/de\/produkte\/zubehoer\/klavierbaenke\/#breadcrumb","itemListElement":[{"@type":"ListItem","position":1,"name":"Home","item":"https:\/\/feurich.com\/de\/"},{"@type":"ListItem","position":2,"name":"KLAVIERE &#038; MEHR","item":"https:\/\/feurich.com\/de\/produkte\/"},{"@type":"ListItem","position":3,"name":"Zubeh\u00f6r","item":"https:\/\/feurich.com\/de\/produkte\/zubehoer\/"},{"@type":"ListItem","position":4,"name":"Klavierb\u00e4nke"}]},{"@type":"WebSite","@id":"https:\/\/feurich.com\/en\/#website","url":"https:\/\/feurich.com\/en\/","name":"FEURICH","description":"A sound that connects","publisher":{"@id":"https:\/\/feurich.com\/en\/#organization"},"potentialAction":[{"@type":"SearchAction","target":{"@type":"EntryPoint","urlTemplate":"https:\/\/feurich.com\/en\/?s={search_term_string}"},"query-input":{"@type":"PropertyValueSpecification","valueRequired":true,"valueName":"search_term_string"}}],"inLanguage":"de"},{"@type":"Organization","@id":"https:\/\/feurich.com\/en\/#organization","name":"FEURICH","url":"https:\/\/feurich.com\/en\/","logo":{"@type":"ImageObject","inLanguage":"de","@id":"https:\/\/feurich.com\/en\/#\/schema\/logo\/image\/","url":"https:\/\/feurich.com\/wp-content\/uploads\/logo.png","contentUrl":"https:\/\/feurich.com\/wp-content\/uploads\/logo.png","width":354,"height":151,"caption":"FEURICH"},"image":{"@id":"https:\/\/feurich.com\/en\/#\/schema\/logo\/image\/"},"sameAs":["https:\/\/www.facebook.com\/feurichvienna\/"]}]}},"_links":{"self":[{"href":"https:\/\/feurich.com\/de\/wp-json\/wp\/v2\/pages\/1345","targetHints":{"allow":["GET"]}}],"collection":[{"href":"https:\/\/feurich.com\/de\/wp-json\/wp\/v2\/pages"}],"about":[{"href":"https:\/\/feurich.com\/de\/wp-json\/wp\/v2\/types\/page"}],"author":[{"embeddable":true,"href":"https:\/\/feurich.com\/de\/wp-json\/wp\/v2\/users\/7"}],"replies":[{"embeddable":true,"href":"https:\/\/feurich.com\/de\/wp-json\/wp\/v2\/comments?post=1345"}],"version-history":[{"count":15,"href":"https:\/\/feurich.com\/de\/wp-json\/wp\/v2\/pages\/1345\/revisions"}],"predecessor-version":[{"id":4368,"href":"https:\/\/feurich.com\/de\/wp-json\/wp\/v2\/pages\/1345\/revisions\/4368"}],"up":[{"embeddable":true,"href":"https:\/\/feurich.com\/de\/wp-json\/wp\/v2\/pages\/1321"}],"wp:featuredmedia":[{"embeddable":true,"href":"https:\/\/feurich.com\/de\/wp-json\/wp\/v2\/media\/4641"}],"wp:attachment":[{"href":"https:\/\/feurich.com\/de\/wp-json\/wp\/v2\/media?parent=1345"}],"curies":[{"name":"wp","href":"https:\/\/api.w.org\/{rel}","templated":true}]}}

Klavierbänke

<div class="wpb-content-wrapper"><p>[vc_row bg_type=&#8220;image&#8220; parallax_style=&#8220;vcpb-default&#8220; bg_image_new=&#8220;id^521|url^/wp-content/uploads/2017/08/home-fon-bl3.jpg|caption^null|alt^null|title^home-fon-bl3|description^null&#8220; bg_image_repeat=&#8220;no-repeat&#8220; bg_override=&#8220;full&#8220;][vc_column 0=&#8220;&#8220;][vc_empty_space height=&#8220;5px&#8220;][vc_row_inner 0=&#8220;&#8220;][vc_column_inner width=&#8220;1/6&#8243;][/vc_column_inner][vc_column_inner width=&#8220;4/6&#8243;][vc_column_text el_class=&#8220;big-title&#8220; css=&#8220;.vc_custom_1507013499500{margin-bottom: 15px !important;}&#8220;]</p>
<p style="text-align: center; color: white;">Klavierbänke</p>
<p>[/vc_column_text][vc_column_text 0=&#8220;&#8220;][/vc_column_text][/vc_column_inner][vc_column_inner width=&#8220;1/6&#8243;][/vc_column_inner][/vc_row_inner][vc_empty_space 0=&#8220;&#8220;][/vc_column][/vc_row][vc_row 0=&#8220;&#8220;][vc_column width=&#8220;1/3&#8243;][vc_column_text el_class=&#8220;products-title&#8220;]Von PianistInnen entwickelt[/vc_column_text][vc_column_text 0=&#8220;&#8220;]Wer wüsste mehr über die Bedürfnisse von PianistInnen als eben diese? Deshalb haben wir unsere Klavierbänke mit KlavierspielerInnen exakt nach ihren Bedürfnissen entwickelt:</p>
<ul>
<li>höhenverstellbar für die richtige<br />
ergonomische Haltung</li>
<li>extra bequem und robust</li>
</ul>
<p>[/vc_column_text][/vc_column][vc_column width=&#8220;1/3&#8243;][vc_gallery interval=&#8220;5&#8243; images=&#8220;4348,4342,4336,4330,4324,4318,4312,4306,4300,4294,4288,4282,4276,4270,4264&#8243;][/vc_column][vc_column width=&#8220;1/3&#8243;][vc_column_text el_class=&#8220;products-title&#8220;]Für Profis &amp; Individualisten[/vc_column_text][vc_column_text 0=&#8220;&#8220;]PianistInnen haben auch optisch ganz individuelle Ansprüche. Darum können Sie aus mehreren Designvariationen und Farben wählen – für Ihre ganz persönliche FEURICH Klavierbank.</p>
<p>Farben: Schwarz (poliert/satiniert), Weiß (poliert), Bordeaux (poliert/satiniert), Walnuss (poliert/satiniert), Kirsche (satiniert), Buche (satiniert)</p>
<p>Sie möchten mehr über unsere Klavierbänke wissen? Wir informieren Sie gerne! <a href="https://feurich.com/de/information-kontakt/kontakt/">&gt;&gt; Kontakt</a>[/vc_column_text][/vc_column][/vc_row]</p>
</div>

<!-- This site is optimized with the Yoast SEO plugin v24.4 - https://yoast.com/wordpress/plugins/seo/ -->
<title>Klavierbänke - FEURICH</title>
<meta name="description" content="Wir haben unsere Klavierbänke mit KlavierspielerInnen exakt nach ihren Bedürfnissen entwickelt: höhenverstellbar, sehr robust, in vielen Farben und Designs." />
<meta name="robots" content="index, follow, max-snippet:-1, max-image-preview:large, max-video-preview:-1" />
<link rel="canonical" href="https://feurich.com/de/produkte/zubehoer/klavierbaenke/" />
<meta property="og:locale" content="de_DE" />
<meta property="og:type" content="article" />
<meta property="og:title" content="Klavierbänke - FEURICH" />
<meta property="og:description" content="Wir haben unsere Klavierbänke mit KlavierspielerInnen exakt nach ihren Bedürfnissen entwickelt: höhenverstellbar, sehr robust, in vielen Farben und Designs." />
<meta property="og:url" content="https://feurich.com/de/produkte/zubehoer/klavierbaenke/" />
<meta property="og:site_name" content="FEURICH" />
<meta property="article:publisher" content="https://www.facebook.com/feurichvienna/" />
<meta property="article:modified_time" content="2017-12-05T02:06:31+00:00" />
<meta property="og:image" content="https://feurich.com/wp-content/uploads/FEURICH-Concert-Bench.jpg" />
	<meta property="og:image:width" content="350" />
	<meta property="og:image:height" content="240" />
	<meta property="og:image:type" content="image/jpeg" />
<meta name="twitter:card" content="summary_large_image" />
<meta name="twitter:label1" content="Geschätzte Lesezeit" />
	<meta name="twitter:data1" content="1 Minute" />
<script type="application/ld+json" class="yoast-schema-graph">{"@context":"https://schema.org","@graph":[{"@type":"WebPage","@id":"https://feurich.com/de/produkte/zubehoer/klavierbaenke/","url":"https://feurich.com/de/produkte/zubehoer/klavierbaenke/","name":"Klavierbänke - FEURICH","isPartOf":{"@id":"https://feurich.com/en/#website"},"primaryImageOfPage":{"@id":"https://feurich.com/de/produkte/zubehoer/klavierbaenke/#primaryimage"},"image":{"@id":"https://feurich.com/de/produkte/zubehoer/klavierbaenke/#primaryimage"},"thumbnailUrl":"https://feurich.com/wp-content/uploads/FEURICH-Concert-Bench.jpg","datePublished":"2017-10-03T06:37:58+00:00","dateModified":"2017-12-05T02:06:31+00:00","description":"Wir haben unsere Klavierbänke mit KlavierspielerInnen exakt nach ihren Bedürfnissen entwickelt: höhenverstellbar, sehr robust, in vielen Farben und Designs.","breadcrumb":{"@id":"https://feurich.com/de/produkte/zubehoer/klavierbaenke/#breadcrumb"},"inLanguage":"de","potentialAction":[{"@type":"ReadAction","target":["https://feurich.com/de/produkte/zubehoer/klavierbaenke/"]}]},{"@type":"ImageObject","inLanguage":"de","@id":"https://feurich.com/de/produkte/zubehoer/klavierbaenke/#primaryimage","url":"https://feurich.com/wp-content/uploads/FEURICH-Concert-Bench.jpg","contentUrl":"https://feurich.com/wp-content/uploads/FEURICH-Concert-Bench.jpg","width":350,"height":240,"caption":"FEURICH Concert Bench"},{"@type":"BreadcrumbList","@id":"https://feurich.com/de/produkte/zubehoer/klavierbaenke/#breadcrumb","itemListElement":[{"@type":"ListItem","position":1,"name":"Home","item":"https://feurich.com/de/"},{"@type":"ListItem","position":2,"name":"KLAVIERE &#038; MEHR","item":"https://feurich.com/de/produkte/"},{"@type":"ListItem","position":3,"name":"Zubehör","item":"https://feurich.com/de/produkte/zubehoer/"},{"@type":"ListItem","position":4,"name":"Klavierbänke"}]},{"@type":"WebSite","@id":"https://feurich.com/en/#website","url":"https://feurich.com/en/","name":"FEURICH","description":"A sound that connects","publisher":{"@id":"https://feurich.com/en/#organization"},"potentialAction":[{"@type":"SearchAction","target":{"@type":"EntryPoint","urlTemplate":"https://feurich.com/en/?s={search_term_string}"},"query-input":{"@type":"PropertyValueSpecification","valueRequired":true,"valueName":"search_term_string"}}],"inLanguage":"de"},{"@type":"Organization","@id":"https://feurich.com/en/#organization","name":"FEURICH","url":"https://feurich.com/en/","logo":{"@type":"ImageObject","inLanguage":"de","@id":"https://feurich.com/en/#/schema/logo/image/","url":"https://feurich.com/wp-content/uploads/logo.png","contentUrl":"https://feurich.com/wp-content/uploads/logo.png","width":354,"height":151,"caption":"FEURICH"},"image":{"@id":"https://feurich.com/en/#/schema/logo/image/"},"sameAs":["https://www.facebook.com/feurichvienna/"]}]}</script>
<!-- / Yoast SEO plugin. -->

Klavierbänke - FEURICH

Wir haben unsere Klavierbänke mit KlavierspielerInnen exakt nach ihren Bedürfnissen entwickelt: höhenverstellbar, sehr robust, in vielen Farben und Designs.

Zubehör
